66225412 is divided by 328.
324
What is the remainder when 66488862 is divided by 59?
51
Calculate the remainder when 11695 is divided by 3850.
145
Calculate the remainder when 17062486 is divided by 1137499.
1
Calculate the remainder when 23026842 is divided by 48.
42
Calculate the remainder when 55081533 is divided by 43.
38
Calculate the remainder when 8222004 is divided by 101.
99
Calculate the remainder when 534509 is divided by 2646.
17
What is the remainder when 250403 is divided by 6?
5
Calculate the remainder when 9028636 is divided by 40.
36
Calculate the remainder when 302639 is divided by 242.
139
Calculate the remainder when 10450393 is divided by 10450390.
3
What is the remainder when 4807707 is divided by 686812?
23
What is the remainder when 32061446 is divided by 119?
109
Calculate the remainder when 23614893 is divided by 682.
643
What is the remainder when 72157 is divided by 171?
166
Calculate the remainder when 821427 is divided by 16426.
127
Calculate the remainder when 1514999 is divided by 252459.
245
Calculate the remainder when 592072 is divided by 4853.
6
What is the remainder when 419684 is divided by 139839?
167
What is the remainder when 159556 is divided by 17120?
5476
Calculate the remainder when 11952801 is divided by 1707499.
308
What is the remainder when 1344308201 is divided by 2854?
2851
What is the remainder when 161771 is divided by 80877?
17
What is the remainder when 1813727 is divided by 262?
163
Calculate the remainder when 115911 is divided by 1146.
165
What is the remainder when 10401134 is divided by 3831?
3800
Calculate the remainder when 1190339 is divided by 1167.
1166
What is the remainder when 6353803 is divided by 73?
29
Calculate the remainder when 1357534 is divided by 4665.
19
What is the remainder when 30731437 is divided by 24?
13
What is the remainder when 37539 is divided by 1994?
1647
What is the remainder when 630268 is divided by 1647?
1114
Calculate the remainder when 1852331 is divided by 50.
31
What is the remainder when 202751 is divided by 3586?
1935
Calculate the remainder when 7301135 is divided by 2895.
2840
What is the remainder when 2620217 is divided by 201?
182
What is the remainder when 78691782 is divided by 11241682?
8
What is the remainder when 1640301 is divided by 410054?
85
What is the remainder when 319026 is divided by 179?
48
What is the remainder when 62714128 is divided by 8382?
4
What is the remainder when 3434889 is divided by 1144947?
48
Calculate the remainder when 867187 is divided by 27973.
24
What is the remainder when 393050457 is divided by 3023?
3020
What is the remainder when 652553 is divided by 325108?
2337
Calculate the remainder when 487448 is divided by 12762.
2492
What is the remainder when 5022 is divided by 4699?
323
What is the remainder when 143699 is divided by 35895?
119
Calculate the remainder when 381682 is divided by 4.
2
Calculate the remainder when 3948332 is divided by 943.
934
Calculate the remainder when 35941977 is divided by 47.
43
What is the remainder when 10731233 is divided by 975563?
40
What is the remainder when 321753 is divided by 39046?
9385
What is the remainder when 8330938 is divided by 930?
928
Calculate the remainder when 228221 is divided by 136.
13
What is the remainder when 222521523 is divided by 142?
139
What is the remainder when 2025844 is divided by 93?
25
What is the remainder when 4332539 is divided by 22922?
281
Calculate the remainder when 102947 is divided by 523.
439
What is the remainder when 110888 is divided by 6312?
3584
Calculate the remainder when 10317101 is divided by 160.
141
Calculate the remainder when 288766 is divided by 16986.
4
Calculate the remainder when 43283237 is divided by 920.
917
What is the remainder when 6900296 is divided by 23?
20
Calculate the remainder when 26030 is divided by 3707.
81
Calculate the remainder when 3172108 is divided by 123.
61
What is the remainder when 64333 is divided by 1015?
388
What is the remainder when 1349995 is divided by 213?
1
Calculate the remainder when 20255764 is divided by 70.
4
Calculate the remainder when 12421457 is divided by 21565.
17
What is the remainder when 36805 is divided by 672?
517
What is the remainder when 1409743 is divided by 927?
703
What is the remainder when 17551730 is divided by 55021?
31
What is the remainder when 845795 is divided by 140927?
233
Calculate the remainder when 6692889 is divided by 1059.
9
What is the remainder when 90614 is divided by 89106?
1508
What is the remainder when 180252 is divided by 3017?
2249
Calculate the remainder when 589833 is divided by 25620.
573
Calculate the remainder when 42640 is divided by 42113.
527
What is the remainder when 1157032 is divided by 2131?
2030
What is the remainder when 63422 is divided by 989?
126
What is the remainder when 19846220 is divided by 79?
77
Calculate the remainder when 1105611 is divided by 79.
6
Calculate the remainder when 287170585 is divided by 3773.
9
Calculate the remainder when 25431 is divided by 302.
63
What is the remainder when 79547 is divided by 6592?
443
What is the remainder when 4249879 is divided by 31?
27
Calculate the remainder when 3305981 is divided by 1094.
1007
What is the remainder when 7350039 is divided by 272219?
126
What is the remainder when 344499 is divided by 2917?
293
What is the remainder when 10448705 is divided by 148?
53
Calculate the remainder when 107687 is divided by 3386.
2721
What is the remainder when 20252 is divided by 1309?
617
Calculate the remainder when 3257585 is divided by 465365.
30
Calculate the remainder when 33732128 is divided by 1187.
1149
What is the remainder when 592756 is divided by 71?
48
What is the remainder when 1121634 is divided by 3178?
2978
What is the remainder when 388758 is divided by 129469?
351
What is the remainder when 259024 is divided by 963?
940
Calculate the remainder when 808423 is divided by 45.
43
What is the remainder when 537362 is divided by 354?
344
What is the remainder when 1205893 is divided by 25656?
61
Calculate the remainder when 24393577 is divided by 2711.
2710
What is the remainder when 4429436 is divided by 1729?
1467
Calculate the remainder when 617417 is divided by 56118.
119
What is the remainder when 205823 is divided by 68605?
8
What is the remainder when 616836 is divided by 12062?
1674
What is the remainder when 146780 is divided by 73054?
672
Calculate the remainder when 3087542 is divided by 257243.
626
What is the remainder when 392624 is divided by 2886?
128
Calculate the remainder when 37093884 is divided by 36763.
17
Calculate the remainder when 637546 is divided by 212442.
220
What is the remainder when 32486017 is divided by 507?
499
Calculate the remainder when 22397242 is divided by 1599803.
0
What is the remainder when 53107978 is divided by 41?
22
What is the remainder when 486208 is divided by 99?
19
Calculate the remainder when 5278941 is divided by 131973.
21
Calculate the remainder when 17108206 is divided by 2704.
2702
Calculate the remainder when 786942 is divided by 393311.
320
Calculate the remainder when 528477 is divided by 176.
125
What is the remainder when 5189747 is divided by 133065?
212
What is the remainder when 133135640 is divided by 150?
140
What is the remainder when 3743937 is divided by 91?
15
Calculate the remainder when 539128913 is divided by 107.
104
Calculate the remainder when 209096 is divided by 3662.
362
Calculate the remainder when 28655455 is divided by 71.
68
Calculate the remainder when 6558959 is divided by 240.
239
What is the remainder when 12545350 is divided by 1312?
6
Calculate the remainder when 13972332 is divided by 1552481.
3
Calculate the remainder when 24337673 is divided by 114.
41
Calculate the remainder when 5621888 is divided by 936981.
2
Calculate the remainder when 1486467 is divided by 247630.
687
Calculate the remainder when 362008 is divided by 2210.
1778
What is the remainder when 23814 is divided by 1452?
582
Calculate the remainder when 4526 is divided by 206.
200
What is the remainder when 330388 is divided by 7683?
19
What is the remainder when 6010867 is divided by 400724?
7
Calculate the remainder when 343151 is divided by 9207.
2492
Calculate the remainder when 292